 2*y + y - 3. Suppose -5 = 2*k + y. Let v be (-3 - k) + 0 + 9. Calculate the greatest common factor of v and 9.
9
Suppose -2*b - 188 = -5*q, -2*q + 148 = 2*q - b. What is the greatest common divisor of q and 630?
18
Let q(h) = h**3 + 11*h**2 + 3*h - 12. Let l be q(-9). Let w = -101 + l. Calculate the highest common factor of w and 22.
22
Suppose 0 = -5*s + 984 + 631. Suppose 5*v + 241 = 3*d, 2*v - 120 - s = -5*d. Calculate the highest common factor of d and 29.
29
Let v(d) be the second derivative of 175*d**3/6 - d**2/2 - 7*d. Let s be v(1). Let a = -111 + s. What is the highest common factor of a and 42?
21
Suppose -3*x = -5*x + 3*n + 138, 268 = 4*x - 4*n. Calculate the greatest common divisor of x and 91.
7
Let t(h) be the first derivative of h**4/4 - 7*h**3/3 - 11*h**2/2 + h + 5. Let c be t(9). Calculate the greatest common divisor of c and 8.
8
Let m be (-4)/((0 + 3)*11/(-198)). Let n = -122 - -314. Calculate the highest common factor of m and n.
24
Let y = -404 + 489. What is the highest common factor of y and 5?
5
Let k(f) = -f**2 - 2*f. Let n be k(-4). Let a be (22/2)/(4/n). Let r be ((-9)/6*a)/1. Calculate the greatest common divisor of 363 and r.
33
Let c(i) = -12*i - 72. Let x be c(-18). Calculate the highest common factor of 36 and x.
36
Suppose -4*n - 28 = -4*y, -6*y + 3*y - 19 = 2*n. Let k = 21 + n. Suppose 225 - 290 = -5*s. What is the greatest common factor of s and k?
13
Let m = 867 + -855. What is the highest common factor of m and 140?
4
Let n(h) = 7*h + 18. Let l(k) = -5*k - 19. Let y(x) = -3*l(x) - 2*n(x). Suppose -5*b = -2*b + 27. Let t be y(b). What is the highest common factor of 96 and t?
12
Let r = 1048 + -586. Let s = r + -228. Suppose -4*j = 2*n - s, 3*j = -j + 4*n + 252. Calculate the highest common divisor of j and 12.
12
Suppose 6 = 2*l + 18. Let q(u) = -8*u + 20. Let p be q(l). Suppose 2*i - p = 44. Calculate the highest common factor of i and 14.
14
Suppose 70 = 2*b - 2*p, -3*b + 165 = b + p. Suppose 3*g = 5*g - b. Suppose m + 16 = 3*m. Calculate the greatest common factor of g and m.
4
Let a(o) = -23*o**3 + o. Let v be a(-1). Suppose 0 = -15*l + 12*l + 33. Calculate the highest common factor of v and l.
11
Suppose 68*h - 57 = 65*h. Let u be 1/((-9)/5 - -2). Suppose -u*i + y = -375, 253 = 2*i + i + 5*y. Calculate the greatest common factor of i and h.
19
Let y be (116/10 - 12) + 1926/15. Let m(r) = 2*r + 2. Let z be m(2). Let t(b) = 3*b - 2. Let g be t(z). What is the highest common factor of y and g?
16
Let y(s) = 22*s + 135. Let i be y(-3). Calculate the greatest common divisor of 69 and i.
69
Suppose 19 = 3*b - q, 2*b = 3*b + 2*q - 4. Suppose 3*s + h = 35, -2*s + 19 = -h - b. What is the greatest common divisor of s and 12?
12
Let z be 2/13 + 1110/390. Suppose -4*p + 25 = 5. Suppose -p*y = -40 - 65. What is the highest common divisor of y and z?
3
Let c = -207 - -398. Suppose -5*j - 31 = -c. What is the greatest common divisor of j and 80?
16
Let v(a) = 2*a + 20. Let n be v(-11). Let i be 24/(-8) - (-49 + n). Calculate the highest common factor of i and 16.
16
Suppose -10*y - 5*w + 575 = -5*y, 615 = 5*y - 3*w. Calculate the greatest common divisor of y and 24.
24
Let p = -58 + 78. Let g(o) = -o. Let i(a) = 50*a - 4. Let k(h) = 4*g(h) - i(h). Let d be k(-4). Calculate the greatest common divisor of d and p.
20
Suppose 4*d = -3*j + 257, 2*d + 0*j - 121 = j. Let z = -30 + d. Let q = 165 - 85. What is the highest common factor of z and q?
16
Let y(u) = 15*u**2 - u. Let o be 4 - (-1)/(2/(-6)). Let g be y(o). What is the highest common divisor of g and 35?
7
Let k = -341 + 1720. What is the highest common divisor of k and 14?
7
Let w = 60 - 57. Suppose 3*o - w = 63. Calculate the highest common factor of 220 and o.
22
Let f be (-2650)/(-14) - (-2)/(-7). Suppose -12*g + 21*g - 243 = 0. Calculate the highest common divisor of g and f.
27
Let i(o) = o**3 + 3*o**2 - 4*o + 1. Let s be i(-4). Let w(g) = 42*g**2. Let q be w(s). Let n = 22 - -6. What is the highest common factor of q and n?
14
Let g(u) = -14*u - 25. Let x be g(-2). Calculate the greatest common divisor of x and 2.
1
Let l = -70 - -60. Let v = 31 + l. Calculate the highest common factor of 168 and v.
21
Let r(l) = 3*l - 46. Let u be r(19). Let n be (2/3)/(4/6). What is the highest common factor of n and u?
1
Suppose 4*q - 820 = v - 4*v, -v = 4. What is the highest common divisor of q and 39?
13
Suppose -20933 = -30*s + 17587. What is the greatest common divisor of 6 and s?
6
Suppose 0 = -18*i + 3157 + 659. Calculate the greatest common divisor of 4 and i.
4
Suppose -2*a - 2077 = -3*v, -4*v = -5*v + 4*a + 679. What is the highest common factor of v and 10?
5
Let n(x) = x**3 - 5*x**2 + x + 5. Let h be n(5). Let t = h - -25. Calculate the greatest common factor of t and 315.
35
Suppose 4 = -2*b, 3*i - 4*b - b = 148. Suppose 2*q - 1492 + 1262 = 0. What is the highest common divisor of q and i?
23
Let p(j) = j**3 + 9*j**2 - j + 14. Let x be p(-8). Calculate the highest common factor of x and 43.
43
Suppose -4*h = -2*h - 2*z - 10, -15 = -h - z. Let m = -174 - -162. Let o = 52 + m. Calculate the highest common factor of o and h.
10
Suppose -5*l - 2*l + 14 = 0. Suppose 0 = 2*a - 4 + l. Calculate the greatest common factor of 3 and a.
1
Let j = 35 - -7. Let h = -97 + 103. What is the highest common divisor of j and h?
6
Let w be (-3)/(-12) - 134/(-8). Suppose 6*l - w = 103. Calculate the highest common factor of 5 and l.
5
Let b(v) = v**2 - 14*v - 39. Let y be b(-3). What is the highest common factor of 66 and y?
6
Let t(g) = -87*g - 763. Let x be t(-9). Suppose w - 1 = 3. Calculate the greatest common divisor of w and x.
4
Let d be (8/(-6))/(2/(-63)). Let x(o) = 8 - 3 - 2*o + 17. Let w be x(8). Calculate the greatest common factor of w and d.
6
Suppose v - 83 - 17 = 2*f, 4*f = 8. Calculate the highest common factor of 39 and v.
13
Suppose -8*f = -j - 7*f + 22, 0 = -j - 4*f + 32. Calculate the highest common divisor of j and 1776.
24
Suppose 44 = 35*f - 33*f. Suppose -5*b + 769 = n, 4*b - 617 = 3*n - 2*n. Calculate the greatest common divisor of f and b.
22
Let f be 25/15*(5 - -7). What is the greatest common factor of f and 40?
20
Let m(y) = y**2 + 6*y + 5. Let s be m(-7). Suppose -4*r + 0*r + 70 = 2*f, -4*f = -s. Let g = -3 - -19. What is the greatest common divisor of r and g?
16
Let d = -73 + 101. Calculate the highest common factor of 42 and d.
14
Suppose 3*n - 2*r - 2 = 0, -5*n - r = 4 - 29. Calculate the greatest common divisor of n and 4.
4
Suppose 0*j + 5*j + 2*h - 540 = 0, 0 = j + 5*h - 108. Calculate the highest common factor of j and 27.
27
Let p be 21/12*24/2. Suppose 0 = 4*y - 3*y - 103. Let b = y + 44. Calculate the highest common divisor of b and p.
21
Let o be -2*4/8*-2. Let a be ((-155)/25 + o)*-15. Calculate the greatest common divisor of a and 9.
9
Suppose 0 = 4*s - 3*v - 93, 7*s - 10*s + 77 = 5*v. Calculate the greatest common factor of 108 and s.
12
Let f(q) = 4*q**2 - 4. Let u be f(3). Let d(g) = g**3 - 43*g**2 - 95*g + 241. Let k be d(45). Calculate the highest common factor of u and k.
16
Let x(l) = -2*l**3 - 3*l**2 + 10*l + 8. Let n be x(-4). What is the greatest common divisor of n and 54?
6
Let l = 236 + -451. Let h = -127 - l. Let m = 221 + -199. Calculate the highest common factor of m and h.
22
Let r(k) = 25*k**3 - 2*k**2 + 3*k - 1. Suppose 0 = -2*n - 4 + 6. Let s be r(n). What is the highest common divisor of 5 and s?
5
Let k(p) = -p**3 + 8*p**2 + 10*p - 7. Let f be k(9). Suppose -3*y + 8 = f*i, -8 = 3*y - y. What is the highest common divisor of i and 35?
5
Suppose 292 = -11*q + 15*q. Let p = -31 + q. Calculate the highest common factor of 28 and p.
14
Let g(z) be the second derivative of -10*z**3/3 + 3*z**2 - 3*z. Let j be g(-6). What is the greatest common divisor of 18 and j?
18
Suppose 0 = 5*t + 37 - 42. Let k(v) = v**2 + 12*v + 14. Let o be k(-11). What is the highest common factor of o and t?
1
Suppose 450 = v - 2*o, 4*v - 1795 = -11*o + 14*o. What is the greatest common divisor of 64 and v?
64
Let r = 140 + -119. Calculate the greatest common factor of r and 42.
21
Suppose 36*g - 2376 = 27*g. What is the highest common factor of g and 48?
24
Suppose 0*i = -5*i + 130. Let r = 7 + 32. What is the highest common factor of i 